{"id":4,"date":"2023-08-21T20:48:51","date_gmt":"2023-08-21T20:48:51","guid":{"rendered":"https:\/\/likeabosch.bosch-home.hr\/perilice-i-susilice\/?page_id=4"},"modified":"2023-08-24T13:07:22","modified_gmt":"2023-08-24T13:07:22","slug":"naslovna","status":"publish","type":"page","link":"https:\/\/likeabosch.bosch-home.hr\/perilice-i-susilice\/","title":{"rendered":"Naslovna"},"content":{"rendered":"","protected":false},"excerpt":{"rendered":"","protected":false},"author":1,"featured_media":0,"parent":0,"menu_order":0,"comment_status":"closed","ping_status":"closed","template":"page-landing.php","meta":{"footnotes":""},"class_list":["post-4","page","type-page","status-publish"],"acf":[],"yoast_head":"<!-- This site is optimized with the Yoast SEO plugin v25.7 - https:\/\/yoast.com\/wordpress\/plugins\/seo\/ -->\n<title>Peri i su\u0161i #LikeABosch - Odaberite perilicu, su\u0161ilicu ili perilicu-su\u0161ilicu rublja Bosch<\/title>\n<meta name=\"robots\" content=\"index, follow, max-snippet:-1, max-image-preview:large, max-video-preview:-1\" \/>\n<link rel=\"canonical\" href=\"https:\/\/likeabosch.bosch-home.hr\/perilice-i-susilice\/\" \/>\n<meta property=\"og:locale\" content=\"en_US\" \/>\n<meta property=\"og:type\" content=\"article\" \/>\n<meta property=\"og:title\" content=\"Peri i su\u0161i #LikeABosch - Odaberite perilicu, su\u0161ilicu ili perilicu-su\u0161ilicu rublja Bosch\" \/>\n<meta property=\"og:url\" content=\"https:\/\/likeabosch.bosch-home.hr\/perilice-i-susilice\/\" \/>\n<meta property=\"og:site_name\" content=\"Peri i su\u0161i #LikeABosch\" \/>\n<meta property=\"article:modified_time\" content=\"2023-08-24T13:07:22+00:00\" \/>\n<meta name=\"twitter:card\" content=\"summary_large_image\" \/>\n<script type=\"application\/ld+json\" class=\"yoast-schema-graph\">{\"@context\":\"https:\/\/schema.org\",\"@graph\":[{\"@type\":\"WebPage\",\"@id\":\"https:\/\/likeabosch.bosch-home.hr\/perilice-i-susilice\/\",\"url\":\"https:\/\/likeabosch.bosch-home.hr\/perilice-i-susilice\/\",\"name\":\"Peri i su\u0161i #LikeABosch - Odaberite perilicu, su\u0161ilicu ili perilicu-su\u0161ilicu rublja Bosch\",\"isPartOf\":{\"@id\":\"https:\/\/likeabosch.bosch-home.hr\/perilice-i-susilice\/#website\"},\"datePublished\":\"2023-08-21T20:48:51+00:00\",\"dateModified\":\"2023-08-24T13:07:22+00:00\",\"breadcrumb\":{\"@id\":\"https:\/\/likeabosch.bosch-home.hr\/perilice-i-susilice\/#breadcrumb\"},\"inLanguage\":\"en-US\",\"potentialAction\":[{\"@type\":\"ReadAction\",\"target\":[\"https:\/\/likeabosch.bosch-home.hr\/perilice-i-susilice\/\"]}]},{\"@type\":\"BreadcrumbList\",\"@id\":\"https:\/\/likeabosch.bosch-home.hr\/perilice-i-susilice\/#breadcrumb\",\"itemListElement\":[{\"@type\":\"ListItem\",\"position\":1,\"name\":\"Home\",\"item\":\"https:\/\/likeabosch.bosch-home.hr\/perilice-i-susilice\/\"},{\"@type\":\"ListItem\",\"position\":2,\"name\":\"Naslovna\"}]},{\"@type\":\"WebSite\",\"@id\":\"https:\/\/likeabosch.bosch-home.hr\/perilice-i-susilice\/#website\",\"url\":\"https:\/\/likeabosch.bosch-home.hr\/perilice-i-susilice\/\",\"name\":\"Peri i su\u0161i #LikeABosch\",\"description\":\"Just another Live like a Bosch site\",\"publisher\":{\"@id\":\"https:\/\/likeabosch.bosch-home.hr\/perilice-i-susilice\/#organization\"},\"potentialAction\":[{\"@type\":\"SearchAction\",\"target\":{\"@type\":\"EntryPoint\",\"urlTemplate\":\"https:\/\/likeabosch.bosch-home.hr\/perilice-i-susilice\/?s={search_term_string}\"},\"query-input\":{\"@type\":\"PropertyValueSpecification\",\"valueRequired\":true,\"valueName\":\"search_term_string\"}}],\"inLanguage\":\"en-US\"},{\"@type\":\"Organization\",\"@id\":\"https:\/\/likeabosch.bosch-home.hr\/perilice-i-susilice\/#organization\",\"name\":\"Peri i su\u0161i #LikeABosch\",\"url\":\"https:\/\/likeabosch.bosch-home.hr\/perilice-i-susilice\/\",\"logo\":{\"@type\":\"ImageObject\",\"inLanguage\":\"en-US\",\"@id\":\"https:\/\/likeabosch.bosch-home.hr\/perilice-i-susilice\/#\/schema\/logo\/image\/\",\"url\":\"https:\/\/likeabosch.bosch-home.hr\/perilice-i-susilice\/wp-content\/uploads\/sites\/13\/2023\/08\/boschlogo-3.png\",\"contentUrl\":\"https:\/\/likeabosch.bosch-home.hr\/perilice-i-susilice\/wp-content\/uploads\/sites\/13\/2023\/08\/boschlogo-3.png\",\"width\":469,\"height\":128,\"caption\":\"Peri i su\u0161i #LikeABosch\"},\"image\":{\"@id\":\"https:\/\/likeabosch.bosch-home.hr\/perilice-i-susilice\/#\/schema\/logo\/image\/\"}}]}<\/script>\n<!-- \/ Yoast SEO plugin. -->","yoast_head_json":{"title":"Peri i su\u0161i #LikeABosch - Odaberite perilicu, su\u0161ilicu ili perilicu-su\u0161ilicu rublja Bosch","robots":{"index":"index","follow":"follow","max-snippet":"max-snippet:-1","max-image-preview":"max-image-preview:large","max-video-preview":"max-video-preview:-1"},"canonical":"https:\/\/likeabosch.bosch-home.hr\/perilice-i-susilice\/","og_locale":"en_US","og_type":"article","og_title":"Peri i su\u0161i #LikeABosch - Odaberite perilicu, su\u0161ilicu ili perilicu-su\u0161ilicu rublja Bosch","og_url":"https:\/\/likeabosch.bosch-home.hr\/perilice-i-susilice\/","og_site_name":"Peri i su\u0161i #LikeABosch","article_modified_time":"2023-08-24T13:07:22+00:00","twitter_card":"summary_large_image","schema":{"@context":"https:\/\/schema.org","@graph":[{"@type":"WebPage","@id":"https:\/\/likeabosch.bosch-home.hr\/perilice-i-susilice\/","url":"https:\/\/likeabosch.bosch-home.hr\/perilice-i-susilice\/","name":"Peri i su\u0161i #LikeABosch - Odaberite perilicu, su\u0161ilicu ili perilicu-su\u0161ilicu rublja Bosch","isPartOf":{"@id":"https:\/\/likeabosch.bosch-home.hr\/perilice-i-susilice\/#website"},"datePublished":"2023-08-21T20:48:51+00:00","dateModified":"2023-08-24T13:07:22+00:00","breadcrumb":{"@id":"https:\/\/likeabosch.bosch-home.hr\/perilice-i-susilice\/#breadcrumb"},"inLanguage":"en-US","potentialAction":[{"@type":"ReadAction","target":["https:\/\/likeabosch.bosch-home.hr\/perilice-i-susilice\/"]}]},{"@type":"BreadcrumbList","@id":"https:\/\/likeabosch.bosch-home.hr\/perilice-i-susilice\/#breadcrumb","itemListElement":[{"@type":"ListItem","position":1,"name":"Home","item":"https:\/\/likeabosch.bosch-home.hr\/perilice-i-susilice\/"},{"@type":"ListItem","position":2,"name":"Naslovna"}]},{"@type":"WebSite","@id":"https:\/\/likeabosch.bosch-home.hr\/perilice-i-susilice\/#website","url":"https:\/\/likeabosch.bosch-home.hr\/perilice-i-susilice\/","name":"Peri i su\u0161i #LikeABosch","description":"Just another Live like a Bosch site","publisher":{"@id":"https:\/\/likeabosch.bosch-home.hr\/perilice-i-susilice\/#organization"},"potentialAction":[{"@type":"SearchAction","target":{"@type":"EntryPoint","urlTemplate":"https:\/\/likeabosch.bosch-home.hr\/perilice-i-susilice\/?s={search_term_string}"},"query-input":{"@type":"PropertyValueSpecification","valueRequired":true,"valueName":"search_term_string"}}],"inLanguage":"en-US"},{"@type":"Organization","@id":"https:\/\/likeabosch.bosch-home.hr\/perilice-i-susilice\/#organization","name":"Peri i su\u0161i #LikeABosch","url":"https:\/\/likeabosch.bosch-home.hr\/perilice-i-susilice\/","logo":{"@type":"ImageObject","inLanguage":"en-US","@id":"https:\/\/likeabosch.bosch-home.hr\/perilice-i-susilice\/#\/schema\/logo\/image\/","url":"https:\/\/likeabosch.bosch-home.hr\/perilice-i-susilice\/wp-content\/uploads\/sites\/13\/2023\/08\/boschlogo-3.png","contentUrl":"https:\/\/likeabosch.bosch-home.hr\/perilice-i-susilice\/wp-content\/uploads\/sites\/13\/2023\/08\/boschlogo-3.png","width":469,"height":128,"caption":"Peri i su\u0161i #LikeABosch"},"image":{"@id":"https:\/\/likeabosch.bosch-home.hr\/perilice-i-susilice\/#\/schema\/logo\/image\/"}}]}},"_links":{"self":[{"href":"https:\/\/likeabosch.bosch-home.hr\/perilice-i-susilice\/wp-json\/wp\/v2\/pages\/4","targetHints":{"allow":["GET"]}}],"collection":[{"href":"https:\/\/likeabosch.bosch-home.hr\/perilice-i-susilice\/wp-json\/wp\/v2\/pages"}],"about":[{"href":"https:\/\/likeabosch.bosch-home.hr\/perilice-i-susilice\/wp-json\/wp\/v2\/types\/page"}],"author":[{"embeddable":true,"href":"https:\/\/likeabosch.bosch-home.hr\/perilice-i-susilice\/wp-json\/wp\/v2\/users\/1"}],"replies":[{"embeddable":true,"href":"https:\/\/likeabosch.bosch-home.hr\/perilice-i-susilice\/wp-json\/wp\/v2\/comments?post=4"}],"version-history":[{"count":1,"href":"https:\/\/likeabosch.bosch-home.hr\/perilice-i-susilice\/wp-json\/wp\/v2\/pages\/4\/revisions"}],"predecessor-version":[{"id":5,"href":"https:\/\/likeabosch.bosch-home.hr\/perilice-i-susilice\/wp-json\/wp\/v2\/pages\/4\/revisions\/5"}],"wp:attachment":[{"href":"https:\/\/likeabosch.bosch-home.hr\/perilice-i-susilice\/wp-json\/wp\/v2\/media?parent=4"}],"curies":[{"name":"wp","href":"https:\/\/api.w.org\/{rel}","templated":true}]}}